-o, 0*s = -3*l + s + 179. What is the units digit of 10/l - (-214)/12?
8
Suppose 906 - 18 = 2*c. What is the tens digit of c?
4
Let y(n) = 9*n - 5. Let z be y(1). Suppose z*j = -o + 498 - 22, 0 = 3*j - 4*o - 338. What is the hundreds digit of j?
1
Let c(g) = -g**3 + 7*g**2 - 8*g - 5. Let u be c(5). Suppose 3*w = -u*m + 84, -5*m = -3*w + 50 + 64. What is the units digit of w?
3
Let q(o) = o**2 - 35*o + 221. What is the hundreds digit of q(34)?
1
Suppose 1663 - 5007 = -8*y. What is the hundreds digit of y?
4
Suppose -2*u = 77 - 349. Let z = u + -79. What is the tens digit of z?
5
Let d be (10/(-6))/(1/(-3)). Let i(f) be the second derivative of 5*f**3/6 - 5*f**2/2 - 93*f. What is the tens digit of i(d)?
2
Suppose -13797 = -4*p - 131*q + 136*q, 0 = 5*p + 2*q - 17238. What is the units digit of p?
8
Let n be -14 - -4*4/(-16). Let b = -13 - n. Suppose -4*i + d = 2*d - 35, 0 = b*i - d - 25. What is the tens digit of i?
1
Let y = -97 - -280. What is the units digit of y?
3
Suppose 34*o = 31*o + 177. What is the tens digit of o?
5
Suppose -5*m + 20 = 0, -445 + 153 = -4*f + 3*m. Let j = 182 - f. What is the hundreds digit of j?
1
Suppose 3*a = 5*a. Suppose -w - 4*y + 8 = a, w + y + 1 = -0. What is the tens digit of 24*w*12/(-64)?
1
Let b(d) = -107*d + 38. What is the hundreds digit of b(-7)?
7
Let j = 6903 + -4585. What is the tens digit of j?
1
Let l(t) = 3*t + 2. Let w be l(0). Suppose -w*i - 3*i + 1650 = 0. What is the tens digit of i?
3
Suppose 5*c + 4 - 39 = 0. Let z be 0/1 + (9 - c). Suppose -z*k + 6 + 0 = 0. What is the units digit of k?
3
Let m(f) = -f**3 + 22*f**2 - 2*f + 37. Let i(o) = o. Let a(z) = 2*i(z) + m(z). What is the tens digit of a(22)?
3
What is the tens digit of ((-1)/2)/((-75)/4350)?
2
Suppose -3*s = -3*l + 5*l + 172, 0 = 3*s - 5*l + 158. What is the hundreds digit of (864/56)/((-6)/s)?
1
Let u(r) = r**2 - 9*r - 1. Let a be u(8). Let g be a/5*45/(-1). What is the units digit of (2/6)/(1/g)?
7
Let j = 1503 - 865. What is the tens digit of j?
3
Suppose 3*b - 274 = 5*y - 8605, 2*y - 2*b - 3330 = 0. What is the thousands digit of y?
1
What is the tens digit of (-34498)/282*(2 + -8)?
3
Let n = 190 - 174. Let b = 2960 + -1643. What is the units digit of n/56 + b/21?
3
Let g = -34 - -31. What is the units digit of (3 - -85) + g - 3?
2
Suppose -y = -0*y - 6. Let f = 7 + y. Suppose -p + 0*p = -f. What is the units digit of p?
3
Suppose 36*p - 29*p = 16527. What is the thousands digit of p?
2
Let r = 40 + -87. Let f = -29 - r. What is the tens digit of f?
1
Let r = 976 + 1600. What is the tens digit of r?
7
Suppose -n - 4 = 5. Let r = -6 - n. Suppose -r*q - 46 = -5*q. What is the tens digit of q?
2
Suppose -13 = -6*j + 5. Suppose q - j*z - 68 = 0, -q - q - z + 150 = 0. What is the tens digit of q?
7
Suppose -7*f + 2*f = 3*c - 30, c - 8 = -f. Suppose -104 - 16 = -f*y. What is the units digit of y?
0
Suppose -5*w + 23 = -3*r - 7, 5*r + 37 = 4*w. Let s be 9/((-45)/(-20)) - w. What is the units digit of (s/(-3))/((-2)/54)?
9
Suppose -3*c + 4*n = 2, 4*c - 4*n - 2 = -c. Suppose 3*q + 38*f = 33*f + 30, 21 = 3*q + 2*f. Let u = q + c. What is the units digit of u?
7
Suppose 116 = -3*j + j. Let z = -30 - j. What is the units digit of z?
8
Suppose 8*n - 12 = 4. Suppose 88 = 4*g - 4*v, -n*g - 5*v = -5*g + 68. What is the units digit of g?
1
Suppose -2*t + 537 = 81. What is the hundreds digit of t?
2
Let y = 223 - 90. What is the tens digit of y?
3
What is the units digit of (0 - 2/9) + (-48861)/(-81)?
3
Suppose 2*a = a + 3*z + 258, -278 = -a - z. What is the units digit of a?
3
Let z = -10 + 14. Suppose -2*d - 3*y = -4*d - 98, 0 = -z*d + y - 206. Let f = d - -89. What is the tens digit of f?
3
Suppose x = 3*p - 0*x - 63, -x = -2*p + 42. Let j(o) = -2*o**2 + 47*o - 45. What is the units digit of j(p)?
0
Let b be (-3 + 3)/(8/4). Suppose 2*r - 188 = -b*r. What is the tens digit of r?
9
Let b(t) = -6*t - 51. Let r be b(-15). Let j = 40 + r. What is the tens digit of j?
7
Let i = 52 - -359. What is the hundreds digit of i?
4
Suppose 0 = -4*l + 159 + 73. Suppose 0 = 4*o - 26 - l. What is the tens digit of o?
2
Let m = -22 + 34. Suppose -5*h - m = -3*f, h + 3*h - 21 = -f. Suppose 4*b - f*b + 65 = 0. What is the units digit of b?
3
Suppose -3*f + f + 106 = 0. Let a = f + -28. What is the units digit of (-9)/(-5) + 5/a?
2
Let u = 20 - 16. Suppose u*g + 4*z = z + 163, 5*z = g - 58. Let x = -19 + g. What is the tens digit of x?
2
Let b(j) = 2*j**2 - 2*j + 1. Let y be b(1). Let w be 0*-2*y/4. Suppose 13 = f - w. What is the units digit of f?
3
Let d = 656 - 151. What is the hundreds digit of d?
5
Let f be 1/(-4 - 52/(-12)). Suppose -5*m = -f*p - 70, m + 7 = p + 23. What is the units digit of m?
1
Let f(v) = 16*v - 365 - 3*v**2 + 365. What is the units digit of f(5)?
5
Suppose 2*l = -9*l - 9933. What is the units digit of ((l/(-6))/7)/((-4)/(-16))?
6
Let g(c) = 2*c - 1. Let y be g(1). Let o be (0 - -2) + -1 + y. Suppose -o*m + 4*m - 92 = 0. What is the units digit of m?
6
Let v(w) = 91*w + 14. Let f(u) = 30*u + 5. Let y(q) = -8*f(q) + 3*v(q). What is the tens digit of y(4)?
3
Suppose 0 = -6*b - 592 + 2050. Let l = -35 + b. What is the units digit of l?
8
Let a(z) = z**3 - 6*z**2 + 6*z - 3. Let n be a(5). Suppose 60 = 5*u - 5*g, -n*u + g - 18 = -4*u. Let d(j) = -j**2 + 12*j. What is the tens digit of d(u)?
2
Let k = 82 + 84. What is the hundreds digit of k?
1
Let p(y) = -4*y**3 + 4*y**2 + 2*y. Let g(l) = l**3 - l. Let j(s) = -3*g(s) - p(s). Let o be j(4). Suppose 0 = 3*z - o*z + 5. What is the units digit of z?
5
Suppose 37350 = -337*v + 346*v. What is the thousands digit of v?
4
Suppose -4*v = -3*a, -a - 2*a = v - 15. Suppose -5*f + 110 = 3*y, -3*f + a*f = -y + 40. Suppose 2*r = 7*r - y. What is the units digit of r?
9
Suppose -4*l = 4*j - 364, -2*j - 3*j = 3*l - 445. Suppose a = -4*v + j, 27 = 3*a - v - 179. What is the units digit of a?
0
Let t = -8 - -8. Suppose t*q - q = -3*d + 192, -2*q = -4*d + 258. Let b = -30 + d. What is the units digit of b?
3
Suppose m - 4*m - 1118 = -2*w, -m + 2222 = 4*w. What is the hundreds digit of w?
5
Suppose -7 = -2*o + 3. Suppose -25 = -5*j - o. What is the units digit of (-6)/j*220/(-15)?
2
Suppose -3*v - 22 = -5*r, -2*v - 2*v = r + 14. Let b(y) = y + 5 + r + 2 + 15. What is the tens digit of b(-13)?
1
Let h(x) be the first derivative of x**4/4 + x**2 + 37*x + 4. What is the tens digit of h(0)?
3
Suppose 2308 = 3*q + j, -3*q + 923 + 1388 = 4*j. What is the units digit of q?
9
Let y(h) = 3*h + 12. Let b be y(-3). Let g(u) = u**3 - 4*u**2 + 6*u - 1. What is the units digit of g(b)?
8
Suppose 3*m + 2*w = 1534 - 275, 0 = 5*m - 2*w - 2077. What is the hundreds digit of m?
4
Suppose -2*b + 4 = 0, 2350 = 5*w + 10*b - 5*b. What is the units digit of w?
8
What is the thousands digit of (-1 + -2)*(-10984)/48*2?
1
Let b(x) = 5*x**3 + 7*x**2 - 84*x + 16. What is the hundreds digit of b(8)?
3
Suppose -2*m - 2*n + 366 = 3*n, -2*n = 0. Suppose 32*r - 35*r = -m. Suppose -4*a + r + 3 = 4*b, 0 = -3*b + 2*a + 33. What is the units digit of b?
3
Suppose 4*a + 4884 = 10*a. What is the tens digit of a?
1
Let i(y) = 13*y - 100. What is the units digit of i(10)?
0
Let t(l) = 1. Let v(z) = -6*z - 6. Let q(u) = -5*t(u) + v(u). What is the units digit of q(-9)?
3
Let i be -3*1 - (5 - 3). Let g(y) = -6*y - 5. Let m(q) = 3*q + 2. Let h(s) = i*m(s) - 2*g(s). What is the units digit of h(-3)?
9
Suppose 2*y + 3*b = 7*b + 1060, 0 = 2*b + 6. What is the tens digit of y?
2
Let m(o) = o**2 - 4*o - 7. Let n be m(9). Let i = n + -16. What is the units digit of i?
2
Let t(p) = 5*p**2 + 6*p + 9. Let b be t(-4). What is the tens digit of (0 + b)*(10 + -9)?
6
Let z = -1129 + 2123. What is the units digit of z?
4
Let d be (-10300)/(-6) + (-12)/18. What is the units digit of d/24 - 1/2?
1
Let a(s) = -6*s - 5. Let l(q) = 2*q + 7. Let x be l(-6). What is the tens digit of a(x)?
2
Let r be ((-12)/10)/(6/30). Let l be 100/3 + (-4)/r. Let v = l - 22. What is the tens digit of v?
1
Let a(m) = 17*m**2 - 3*m. Let p be a(2). Let u = 2 + p. What is the units digit of u?
4
Let k(a) = 6*a - 11. Let m be k(11). Suppose 0 = -3*x + 2*p + m, -2*p + 5*p = 4*x - 73. What is the tens digit of x?
1
Suppose -s - 2*q + 445 = -3*q, 0 = -3*q + 9. What is the tens digit of s?
4
Suppose f + 